te the remainder when g(m) is divided by j.
11
Let j(g) = 16*g**2 + 7*g + 7. Let t = 83 - 50. Calculate the remainder when j(-3) is divided by t.
31
Calculate the remainder when (1 - -303) + 0/(-6 - 7) is divided by 92.
28
Let x = 52 - 45. Suppose 12*d = -x + 67. What is the remainder when 14 is divided by d?
4
Suppose 2*a = 3*a - 4. Suppose 83 = a*y - 9. Let s(t) = -8*t + 18. What is the remainder when s(-9) is divided by y?
21
Let v be (2 + (-4)/2)/2. Let w be ((-9)/(-5))/(157/(-40) - -4). Suppose 4*p + 0*h - w = 4*h, 5*h = v. Calculate the remainder when 10 is divided by p.
4
Let o = 896 - 706. Calculate the remainder when o is divided by 84.
22
Suppose -109*d - 126 = -115*d. What is the remainder when 53 is divided by d?
11
Suppose 0 = 114*x - 109*x - 90. Calculate the remainder when 80 is divided by x.
8
Let z be 8/60 + 760/(-75). Suppose 0*i - 24 = -4*d - 3*i, d - 2*i - 17 = 0. What is the remainder when (12/20 - 0) + (-414)/z is divided by d?
6
Let h(o) = -o + 2. Let z be h(-3). Suppose 6 - 1 = -5*c + 3*x, -5*c - 4*x = z. Let q = c + 10. Calculate the remainder when q is divided by 6.
3
Let a = -51 + 20. Let g = a + 42. Calculate the remainder when 32 is divided by g.
10
Suppose 0 = -67*t + 72*t - 215. What is the remainder when 816 is divided by t?
42
Let x = -1 + 95. What is the remainder when x is divided by 38?
18
Let g(w) = -w + 15. Let x be g(-22). Suppose x*b - 35*b = 146. What is the remainder when b is divided by 15?
13
Let t(q) = -q**3 - 20*q**2 - 20*q - 1. Let y be (3 - 4)/((-4)/228*-3). Calculate the remainder when 87 is divided by t(y).
15
What is the remainder when ((-18)/(-2) - 13)/(4/(-34)) is divided by 4?
2
Suppose 0 = -4*j + 99 + 77. Suppose -3*u + 2*u = 4*h + 28, 4*h - j = 5*u. Calculate the remainder when 40 is divided by 0 - 6/(-3) - u.
12
Let x = 135 + -128. Calculate the remainder when 90 is divided by x.
6
What is the remainder when 41 is divided by (104/104)/(((-4)/34)/(-2))?
7
Let z = -22 + 26. Suppose -5 = -z*m + g, m + 4*g + 15 = g. Suppose -3*w - 25 = -2*l, -4*w = -l - m*l. Calculate the remainder when 58 is divided by l.
18
Let f = -410 - -429. Calculate the remainder when f is divided by 8.
3
Suppose -16*j + 887 = -649. Suppose j - 72 = 4*b. Calculate the remainder when 33 is divided by b.
3
Suppose -v = -l - 148, -l = -0*l + 3. Calculate the remainder when v is divided by 33.
13
Let k(g) = -15*g - 3. Let j(v) = v**3 - 2*v**2 - 6*v - 1. Calculate the remainder when k(-2) is divided by j(4).
6
What is the remainder when 201 is divided by ((-17)/(-4))/((-68)/(-16) - 4)?
14
Let c(p) = -p**3 - 15*p**2 - 19*p - 54. Let f = -67 - -96. What is the remainder when f is divided by c(-14)?
13
Let u = 196 - 191. Calculate the remainder when 13 is divided by u.
3
Suppose 2*w + 4*m = 406, -2*w - 50 = -m - 451. Calculate the remainder when w is divided by 52.
45
Let c(d) = d**3 - 4*d**2 + 4*d + 2. Let w(s) = -2*s**3 + 5*s**2 + 10*s - 11. What is the remainder when c(4) is divided by w(3)?
8
Let f = -22 + 13. Let u = -27 - -44. Let v = f + u. What is the remainder when 29 is divided by v?
5
Let f(k) = -k**2 + 10*k + 6. Let z be f(10). Suppose -r - 40 = -z*r. Let o = 107 + -76. Calculate the remainder when o is divided by r.
7
Suppose -296 = -29*h + 429. Calculate the remainder when 42 is divided by h.
17
Suppose -9*k - 1210 = -119*k. Suppose h - 6 + 1 = 0. Suppose 42 = r + 4*c, -h*r + r + 132 = 4*c. Calculate the remainder when r is divided by k.
8
Suppose 6*x = 11*x - 15. Suppose 5*w = -2*j + 10*w + 42, -x*w = 2*j - 10. Calculate the remainder when 24 is divided by j.
2
What is the remainder when ((-2)/(-20)*42)/(2/110) is divided by 28?
7
Let d(b) = 11 + 4*b - 15*b + 5*b**2 + 3*b**2 - 6*b**2. Suppose -r + 5*r = 44. What is the remainder when d(7) is divided by r?
10
Calculate the remainder when (3*30/(-12) + 7)*-2084 is divided by 58.
56
Let r(s) = -3*s**2 - 12*s - 4. Suppose -2*j - x + 10 = 34, 0 = -3*x - 12. Let p be r(j). Let y = -103 - p. What is the remainder when y is divided by 21?
18
Let a = 194 + -95. Calculate the remainder when a is divided by 95/30*8 + (-1)/3.
24
Let a(s) = -26*s - 340. Calculate the remainder when a(-14) is divided by ((-14)/(1 + 0))/(-2).
3
Suppose 3*w = -2*w + 25. Suppose w*j + 5*h - 65 = 0, 4*h = -4 - 12. Calculate the remainder when j is divided by 9.
8
Suppose 3*i + 3 = 4*n + 103, 5*i - 176 = 2*n. What is the remainder when i is divided by 21?
15
Suppose -5*b = 722 - 967. What is the remainder when b is divided by 31?
18
Let l(x) = 3*x + 39. Let n be l(-17). What is the remainder when 41 is divided by 0 + (3 - n) - 6/6?
13
Calculate the remainder when 91 is divided by 10/(-75) - (-2076)/45.
45
Suppose -4*w = -84 - 164. What is the remainder when 181 is divided by w?
57
Let v = 132 - 120. Calculate the remainder when 37 is divided by v.
1
Suppose 0 = c + 2*c - 396. Suppose -29*k - 31 + 210 + 82 = 0. What is the remainder when c is divided by k?
6
Let g = -158 + 203. What is the remainder when g is divided by -17*(0/3 - 1)?
11
Calculate the remainder when 82 is divided by 9 + -13 + 52 - (2 - 0).
36
Let u = 5 + 8. Suppose -8 = -4*l, 73 = 5*w - 3*l - 16. What is the remainder when (-12)/(-3) - w/(-1) is divided by u?
10
Suppose -52 = -3*x + 35. Let k be ((-8)/28)/((-1)/7). Suppose -9 = -b - k*b, -2*b = -4*i + 34. Calculate the remainder when x is divided by i.
9
Let s be 3 - ((2 - -43) + 1 + 0). Let i = 47 + s. Calculate the remainder when 6 is divided by i.
2
Calculate the remainder when 4*8/(-64)*-334 is divided by 10.
7
Suppose c - 3*g = -6*g + 2, 4*c = -4*g + 40. Let q = -268 - -272. What is the remainder when c is divided by q?
2
Suppose -6*j = -14*j + 1104. What is the remainder when j is divided by 7?
5
Suppose 0 = 11*d - 4*d - 28. What is the remainder when (d - 2)*63/6 is divided by 11?
10
Let k = 7 - 5. Suppose -p + 3*p - 6 = 0. Suppose -p*u - 39 = -4*u - 5*r, -45 = -u - k*r. What is the remainder when u is divided by 25?
24
Let z = 6 - -8. Suppose 10 + 2 = 3*p. Suppose 0*y - p*y - 4*u = -32, 32 = 4*y + 2*u. What is the remainder when z is divided by y?
6
Let y(t) = 2*t**2 - t - 1. Let z be y(-1). Let r(i) = 3*i**2 + z + 0*i**2 - 2 + 1. What is the remainder when r(-4) is divided by 13?
10
Let b = 71 + -52. Let h = b + 8. Calculate the remainder when h is divided by 7.
6
Let y(q) = q**3 - q**2 - q - 3. Let d be y(-2). Let o = 29 - d. Calculate the remainder when o is divided by 9.
6
Suppose 11*c - 242 = -0*c. Calculate the remainder when c is divided by 14.
8
Suppose 110 = 2*m + 14. Calculate the remainder when 237 is divided by m.
45
Suppose 20 + 0 = 5*s. Let x = 6 - s. What is the remainder when 2 is divided by x?
0
Suppose 7*b - 27 = 4*b. Let z be 4/18 - 38/b. Let p(q) = -3*q - 2. Calculate the remainder when p(z) is divided by 6.
4
What is the remainder when ((-12 + 10)*-1)/((-8)/(-2268)) is divided by 95?
92
Let t(n) = n**2 + 6*n + 1. Let l(r) = -r**3 + 1 + 0*r**2 - 8 - 10*r - 8*r**2 + 0*r**3. Calculate the remainder when l(-7) is divided by t(-7).
6
Let n be 28/(-14) - (-11)/1. Suppose -4*f + n*f = 930. Suppose 4*u - 62 = -0*d - d, 3*d = -u + f. Calculate the remainder when d is divided by 21.
20
Let f(p) = 13*p**2 - 4*p - 3. What is the remainder when f(2) is divided by 22?
19
Calculate the remainder when (-4836)/(-36) - (8/(-12) + 1) is divided by 24.
14
Let b(x) = 2*x + 6. Let c be b(-2). Suppose 6*y = -4*p + 10*y + 28, 0 = 5*p - c*y - 32. Calculate the remainder when 16 is divided by p.
4
Suppose -2*v = 3*i + i - 316, -3*v + 489 = 3*i. Calculate the remainder when v is divided by 30.
18
Suppose 2 = 3*w - 4, -i + 42 = w. Calculate the remainder when 144 is divided by i.
24
Suppose 0 = -12*v + 52 + 20. What is the remainder when (-55)/2*(-8)/10 is divided by v?
4
Suppose -3*i + 11 = -0*i - x, -25 = -i - 5*x. Suppose 59 - 20 = i*d - m, 5 = 5*m. What is the remainder when 39 is divided by d?
7
Suppose -22 = -2*p - 2*d, -46 = -3*p - p - 2*d. Let m = p + -5. What is the remainder when 26 is divided by m?
5
Let r = 45 + 99. What is the remainder when r is divided by 40?
24
Let g be -5*(-1)/2*12. Suppose 5*y + g = 675. Calculate the remainder when y is divided by 26.
25
Suppose -29*m = -32*m + 3. Suppose 2*s - 4 = -0*j - 3*j, 0 = -s - m. What is the remainder when j is di